{"id":80,"date":"2015-03-20T10:42:33","date_gmt":"2015-03-20T09:42:33","guid":{"rendered":"https:\/\/lumenetspes.com\/?page_id=80"},"modified":"2024-03-18T12:14:28","modified_gmt":"2024-03-18T11:14:28","slug":"z-nauczania-jpii","status":"publish","type":"page","link":"https:\/\/lumenetspes.com\/?page_id=80","title":{"rendered":"Z nauczania Jana Paw\u0142a II"},"content":{"rendered":"<p class=\"western\"><span style=\"color: #500000;\"><span style=\"font-family: Times New Roman,serif;\"><span style=\"font-size: medium;\"><b>Rzesz\u00f3w, 2 czerwca 1991<br \/>\n<\/b><\/span><a href=\"https:\/\/lumenetspes.com\/wp-content\/uploads\/2015\/03\/1991-06-02-rzeszow-homilia-w-czasie-mszy-sw-beatyfikacyjnej-biskupa-sebastiana-jozefa-pelczara.doc\"><span style=\"font-size: x-large;\">Homilia w czasie Mszy \u015bw. beatyfikacyjnej biskupa Sebastiana J\u00f3zefa Pelczara<\/span><\/a><\/span><\/span><\/p>\n<p class=\"western\"><span style=\"color: #500000;\"><span style=\"font-family: Times New Roman,serif;\"><span style=\"font-size: medium;\"><b>Rzesz\u00f3w, 2 czerwca 1991<\/b><\/span><br \/>\n<a href=\"https:\/\/lumenetspes.com\/wp-content\/uploads\/2015\/03\/1991-06-02-rzeszow-rozwazanie-przed-modlitwa-aniol-panski.doc\"><span style=\"font-size: x-large;\">Rozwa\u017canie przed modlitw\u0105 \u201eAnio\u0142 Pa\u0144ski\u201d<\/span><\/a><\/span><\/span><\/p>\n<p class=\"western\"><span style=\"color: #500000;\"><span style=\"font-family: Times New Roman,serif;\"><span style=\"font-size: medium;\"><b>Przemy\u015bl, 2 czerwca 1991<br \/>\n<\/b><\/span><a href=\"https:\/\/lumenetspes.com\/wp-content\/uploads\/2015\/03\/1991-06-02-przemysl-przemowienie-wygloszone-w-czasie-nawiedzenia-katedry.doc\"><span style=\"font-size: x-large;\">Przem\u00f3wienie wyg\u0142oszone w czasie nawiedzenia katedry<\/span><\/a><\/span><\/span><\/p>\n<p class=\"western\"><span style=\"color: #500000;\"><span style=\"font-family: Times New Roman,serif;\"><span style=\"font-size: medium;\"><b>Przemy\u015bl, 2 czerwca 1991<\/b><\/span><br \/>\n<span style=\"font-size: x-large;\"><a href=\"https:\/\/lumenetspes.com\/wp-content\/uploads\/2015\/03\/1991-06-02-przemysl-przemowienie-do-wiernych-kosciola-bizantynsko-ukrainskiego.doc\">Przem\u00f3wienie do wiernych Ko\u015bcio\u0142a bizanty\u0144sko-ukrai\u0144skiego<\/a><br \/>\n<\/span><\/span><\/span><\/p>\n<p class=\"western\"><span style=\"color: #500000;\"><span style=\"font-family: Times New Roman,serif;\"><span style=\"font-size: medium;\"><b>Lubacz\u00f3w, 2 czerwca 1991<\/b><\/span><br \/>\n<a href=\"https:\/\/lumenetspes.com\/wp-content\/uploads\/2015\/03\/1991-06-02-lubaczow-przemowienie-wygloszone-w-czasie-nawiedzenia-prokatedry.doc\"><span style=\"font-size: x-large;\">Przem\u00f3wienie wyg\u0142oszone w czasie nawiedzenia prokatedry<\/span><\/a><\/span><\/span><\/p>\n<p class=\"western\"><span style=\"color: #500000;\"><span style=\"font-family: Times New Roman,serif;\"><span style=\"font-size: medium;\"><b>Lubacz\u00f3w, 3 czerwca 1991<br \/>\n<\/b><\/span><a href=\"https:\/\/lumenetspes.com\/wp-content\/uploads\/2015\/03\/1991-06-03-lubaczow-homilia-w-czasie-mszy-sw.doc\"><span style=\"font-size: x-large;\">Homilia w czasie Mszy \u015bw.<\/span><\/a><\/span><\/span><\/p>\n<p class=\"western\"><span style=\"color: #500000;\"><span style=\"font-family: Times New Roman,serif;\"><span style=\"font-size: medium;\"><b>Krosno, 10 czerwca 1997<br \/>\n<\/b><\/span><a href=\"https:\/\/lumenetspes.com\/wp-content\/uploads\/2015\/03\/1997-06-10-krosno-homilia-podczas-kanonizacji-bl-jana-z-dukli.doc\"><span style=\"font-size: x-large;\">Homilia podczas kanonizacji b\u0142. Jana z Dukli<\/span><\/a><\/span><\/span><\/p>\n<p class=\"western\"><span style=\"color: #500000;\"><span style=\"font-family: Times New Roman,serif;\"><span style=\"font-size: medium;\"><b>Dukla, 9 czerwca 1997<\/b><\/span><br \/>\n<a href=\"https:\/\/lumenetspes.com\/wp-content\/uploads\/2015\/03\/1997-06-09-dukla-przemowienie-podczas-nawiedzenia-grobu-bl-jana-z-dukli.doc\"><span style=\"font-size: x-large;\">Przem\u00f3wienie Jana Paw\u0142a II podczas nawiedzenia grobu b\u0142. Jana z Dukli<\/span><\/a><\/span><\/span><\/p>\n<p class=\"western\"><span style=\"color: #500000;\"><span style=\"font-family: Times New Roman,serif;\"><span style=\"font-size: medium;\"><b>Krosno, 10 czerwca 1997<\/b><\/span><br \/>\n<a href=\"https:\/\/lumenetspes.com\/wp-content\/uploads\/2015\/03\/1997-06-10-krosno-homilia-jpII-z-okazji-kanonizacji-bl-jana-z-dukli.doc\"><span style=\"font-size: x-large;\">Homilia Jana Paw\u0142a II z okazji kanonizacji b\u0142. Jana z Dukli <\/span><\/a><\/span><\/span><\/p>\n<p class=\"western\"><span style=\"color: #500000;\"><span style=\"font-family: Times New Roman,serif;\"><span style=\"font-size: medium;\"><b>Krosno, 10 czerwca 1997<br \/>\n<\/b><\/span><a href=\"https:\/\/lumenetspes.com\/wp-content\/uploads\/2015\/03\/1997-06-10-krosno-slowo-papieza-na-zakonczenie-mszy-sw-w-krosnie.doc\"><span style=\"font-size: x-large;\">S\u0142owa Papie\u017ca na zako\u0144czenie Mszy \u015bw. w Kro\u015bnie<\/span><\/a><\/span><\/span><\/p>\n","protected":false},"excerpt":{"rendered":"<p>Rzesz\u00f3w, 2 czerwca 1991 Homilia w czasie Mszy \u015bw. beatyfikacyjnej biskupa Sebastiana J\u00f3zefa Pelczara Rzesz\u00f3w, 2 czerwca 1991 Rozwa\u017canie przed modlitw\u0105 \u201eAnio\u0142 Pa\u0144ski\u201d Przemy\u015bl, 2 czerwca 1991 Przem\u00f3wienie wyg\u0142oszone w czasie nawiedzenia katedry Przemy\u015bl, 2 czerwca 1991 Przem\u00f3wienie do wiernych&hellip; <a class=\"continue\" href=\"https:\/\/lumenetspes.com\/?page_id=80\">Czytaj wi\u0119cej<span> Z nauczania Jana Paw\u0142a II<\/span><\/a><\/p>\n","protected":false},"author":1,"featured_media":0,"parent":0,"menu_order":0,"comment_status":"closed","ping_status":"open","template":"","meta":{"footnotes":""},"_links":{"self":[{"href":"https:\/\/lumenetspes.com\/index.php?rest_route=\/wp\/v2\/pages\/80"}],"collection":[{"href":"https:\/\/lumenetspes.com\/index.php?rest_route=\/wp\/v2\/pages"}],"about":[{"href":"https:\/\/lumenetspes.com\/index.php?rest_route=\/wp\/v2\/types\/page"}],"author":[{"embeddable":true,"href":"https:\/\/lumenetspes.com\/index.php?rest_route=\/wp\/v2\/users\/1"}],"replies":[{"embeddable":true,"href":"https:\/\/lumenetspes.com\/index.php?rest_route=%2Fwp%2Fv2%2Fcomments&post=80"}],"version-history":[{"count":6,"href":"https:\/\/lumenetspes.com\/index.php?rest_route=\/wp\/v2\/pages\/80\/revisions"}],"predecessor-version":[{"id":385,"href":"https:\/\/lumenetspes.com\/index.php?rest_route=\/wp\/v2\/pages\/80\/revisions\/385"}],"wp:attachment":[{"href":"https:\/\/lumenetspes.com\/index.php?rest_route=%2Fwp%2Fv2%2Fmedia&parent=80"}],"curies":[{"name":"wp","href":"https:\/\/api.w.org\/{rel}","templated":true}]}}

Z nauczania Jana Pawła II

<p class="western"><span style="color: #500000;"><span style="font-family: Times New Roman,serif;"><span style="font-size: medium;"><b>Rzeszów, 2 czerwca 1991<br />
</b></span><a href="https://lumenetspes.com/wp-content/uploads/2015/03/1991-06-02-rzeszow-homilia-w-czasie-mszy-sw-beatyfikacyjnej-biskupa-sebastiana-jozefa-pelczara.doc"><span style="font-size: x-large;">Homilia w czasie Mszy św. beatyfikacyjnej biskupa Sebastiana Józefa Pelczara</span></a></span></span></p>
<p class="western"><span style="color: #500000;"><span style="font-family: Times New Roman,serif;"><span style="font-size: medium;"><b>Rzeszów, 2 czerwca 1991</b></span><br />
<a href="https://lumenetspes.com/wp-content/uploads/2015/03/1991-06-02-rzeszow-rozwazanie-przed-modlitwa-aniol-panski.doc"><span style="font-size: x-large;">Rozważanie przed modlitwą „Anioł Pański”</span></a></span></span></p>
<p class="western"><span style="color: #500000;"><span style="font-family: Times New Roman,serif;"><span style="font-size: medium;"><b>Przemyśl, 2 czerwca 1991<br />
</b></span><a href="https://lumenetspes.com/wp-content/uploads/2015/03/1991-06-02-przemysl-przemowienie-wygloszone-w-czasie-nawiedzenia-katedry.doc"><span style="font-size: x-large;">Przemówienie wygłoszone w czasie nawiedzenia katedry</span></a></span></span></p>
<p class="western"><span style="color: #500000;"><span style="font-family: Times New Roman,serif;"><span style="font-size: medium;"><b>Przemyśl, 2 czerwca 1991</b></span><br />
<span style="font-size: x-large;"><a href="https://lumenetspes.com/wp-content/uploads/2015/03/1991-06-02-przemysl-przemowienie-do-wiernych-kosciola-bizantynsko-ukrainskiego.doc">Przemówienie do wiernych Kościoła bizantyńsko-ukraińskiego</a><br />
</span></span></span></p>
<p class="western"><span style="color: #500000;"><span style="font-family: Times New Roman,serif;"><span style="font-size: medium;"><b>Lubaczów, 2 czerwca 1991</b></span><br />
<a href="https://lumenetspes.com/wp-content/uploads/2015/03/1991-06-02-lubaczow-przemowienie-wygloszone-w-czasie-nawiedzenia-prokatedry.doc"><span style="font-size: x-large;">Przemówienie wygłoszone w czasie nawiedzenia prokatedry</span></a></span></span></p>
<p class="western"><span style="color: #500000;"><span style="font-family: Times New Roman,serif;"><span style="font-size: medium;"><b>Lubaczów, 3 czerwca 1991<br />
</b></span><a href="https://lumenetspes.com/wp-content/uploads/2015/03/1991-06-03-lubaczow-homilia-w-czasie-mszy-sw.doc"><span style="font-size: x-large;">Homilia w czasie Mszy św.</span></a></span></span></p>
<p class="western"><span style="color: #500000;"><span style="font-family: Times New Roman,serif;"><span style="font-size: medium;"><b>Krosno, 10 czerwca 1997<br />
</b></span><a href="https://lumenetspes.com/wp-content/uploads/2015/03/1997-06-10-krosno-homilia-podczas-kanonizacji-bl-jana-z-dukli.doc"><span style="font-size: x-large;">Homilia podczas kanonizacji bł. Jana z Dukli</span></a></span></span></p>
<p class="western"><span style="color: #500000;"><span style="font-family: Times New Roman,serif;"><span style="font-size: medium;"><b>Dukla, 9 czerwca 1997</b></span><br />
<a href="https://lumenetspes.com/wp-content/uploads/2015/03/1997-06-09-dukla-przemowienie-podczas-nawiedzenia-grobu-bl-jana-z-dukli.doc"><span style="font-size: x-large;">Przemówienie Jana Pawła II podczas nawiedzenia grobu bł. Jana z Dukli</span></a></span></span></p>
<p class="western"><span style="color: #500000;"><span style="font-family: Times New Roman,serif;"><span style="font-size: medium;"><b>Krosno, 10 czerwca 1997</b></span><br />
<a href="https://lumenetspes.com/wp-content/uploads/2015/03/1997-06-10-krosno-homilia-jpII-z-okazji-kanonizacji-bl-jana-z-dukli.doc"><span style="font-size: x-large;">Homilia Jana Pawła II z okazji kanonizacji bł. Jana z Dukli </span></a></span></span></p>
<p class="western"><span style="color: #500000;"><span style="font-family: Times New Roman,serif;"><span style="font-size: medium;"><b>Krosno, 10 czerwca 1997<br />
</b></span><a href="https://lumenetspes.com/wp-content/uploads/2015/03/1997-06-10-krosno-slowo-papieza-na-zakonczenie-mszy-sw-w-krosnie.doc"><span style="font-size: x-large;">Słowa Papieża na zakończenie Mszy św. w Krośnie</span></a></span></span></p>

<p>Rzeszów, 2 czerwca 1991 Homilia w czasie Mszy św. beatyfikacyjnej biskupa Sebastiana Józefa Pelczara Rzeszów, 2 czerwca 1991 Rozważanie przed modlitwą „Anioł Pański” Przemyśl, 2 czerwca 1991 Przemówienie wygłoszone w czasie nawiedzenia katedry Przemyśl, 2 czerwca 1991 Przemówienie do wiernych&hellip; <a class="continue" href="https://lumenetspes.com/?page_id=80">Czytaj więcej<span> Z nauczania Jana Pawła II</span></a></p>
