{"id":16,"date":"2015-03-13T15:00:55","date_gmt":"2015-03-13T14:00:55","guid":{"rendered":"https:\/\/lumenetspes.com\/?page_id=16"},"modified":"2024-03-18T12:14:23","modified_gmt":"2024-03-18T11:14:23","slug":"zarzad-stowarzyszenia","status":"publish","type":"page","link":"https:\/\/lumenetspes.com\/?page_id=16","title":{"rendered":"Zarz\u0105d Stowarzyszenia"},"content":{"rendered":"<p style=\"text-align: center;\"><strong>Zarz\u0105d Rzeszowskiego Stowarzyszenia Dziedzictwo Jana Paw\u0142a II<\/strong><br \/>\n<strong> &#8222;Lumen et spes&#8221;<\/strong><\/p>\n<p><strong>Przewodnicz\u0105cy<\/strong> \u2013\u00a0Andrzej Sobkowiak<\/p>\n<p><strong>Zast\u0119pca Przewodnicz\u0105cego<\/strong> \u2013 ks. Andrzej Cypry\u015b<\/p>\n<p><strong>Sekretarz<\/strong> \u2013\u00a0Irena Koc-Markowicz<\/p>\n<p><strong>Skarbnik<\/strong> \u2013 Barbara Zdun<\/p>\n<p><strong>Cz\u0142onek Zarz\u0105du<\/strong> &#8211; ks. Andrzej Garbarz<\/p>\n<p><strong>Cz\u0142onek Zarz\u0105du<\/strong> \u2013 Wergiliusz Go\u0142\u0105bek<\/p>\n<p><strong>Cz\u0142onek Zarz\u0105du<\/strong> &#8211; Jan Burek<\/p>\n<p><strong>Cz\u0142onek Zarz\u0105du<\/strong> \u2013 Mariusz Guzek<\/p>\n<p><strong>Cz\u0142onek Zarz\u0105du<\/strong> \u2013 ks. Janusz Podlaszczak<\/p>\n","protected":false},"excerpt":{"rendered":"<p>Zarz\u0105d Rzeszowskiego Stowarzyszenia Dziedzictwo Jana Paw\u0142a II &#8222;Lumen et spes&#8221; Przewodnicz\u0105cy \u2013\u00a0Andrzej Sobkowiak Zast\u0119pca Przewodnicz\u0105cego \u2013 ks. Andrzej Cypry\u015b Sekretarz \u2013\u00a0Irena Koc-Markowicz Skarbnik \u2013 Barbara Zdun Cz\u0142onek Zarz\u0105du &#8211; ks. Andrzej Garbarz Cz\u0142onek Zarz\u0105du \u2013 Wergiliusz Go\u0142\u0105bek Cz\u0142onek Zarz\u0105du &#8211;&hellip; <a class=\"continue\" href=\"https:\/\/lumenetspes.com\/?page_id=16\">Czytaj wi\u0119cej<span> Zarz\u0105d Stowarzyszenia<\/span><\/a><\/p>\n","protected":false},"author":1,"featured_media":0,"parent":0,"menu_order":0,"comment_status":"closed","ping_status":"closed","template":"template-without-title.php","meta":{"footnotes":""},"_links":{"self":[{"href":"https:\/\/lumenetspes.com\/index.php?rest_route=\/wp\/v2\/pages\/16"}],"collection":[{"href":"https:\/\/lumenetspes.com\/index.php?rest_route=\/wp\/v2\/pages"}],"about":[{"href":"https:\/\/lumenetspes.com\/index.php?rest_route=\/wp\/v2\/types\/page"}],"author":[{"embeddable":true,"href":"https:\/\/lumenetspes.com\/index.php?rest_route=\/wp\/v2\/users\/1"}],"replies":[{"embeddable":true,"href":"https:\/\/lumenetspes.com\/index.php?rest_route=%2Fwp%2Fv2%2Fcomments&post=16"}],"version-history":[{"count":6,"href":"https:\/\/lumenetspes.com\/index.php?rest_route=\/wp\/v2\/pages\/16\/revisions"}],"predecessor-version":[{"id":365,"href":"https:\/\/lumenetspes.com\/index.php?rest_route=\/wp\/v2\/pages\/16\/revisions\/365"}],"wp:attachment":[{"href":"https:\/\/lumenetspes.com\/index.php?rest_route=%2Fwp%2Fv2%2Fmedia&parent=16"}],"curies":[{"name":"wp","href":"https:\/\/api.w.org\/{rel}","templated":true}]}}